378?
7
What is the hundreds digit of 2108?
1
What is the tens digit of 49703?
0
What is the units digit of 995?
5
What is the ten thousands digit of 114599?
1
What is the tens digit of 52568?
6
What is the units digit of 11839?
9
What is the thousands digit of 1764?
1
What is the tens digit of 3428?
2
What is the hundreds digit of 40343?
3
What is the tens digit of 269?
6
What is the units digit of 840?
0
What is the thousands digit of 1389?
1
What is the thousands digit of 4393?
4
What is the units digit of 54?
4
What is the thousands digit of 7002?
7
What is the tens digit of 341?
4
What is the tens digit of 553?
5
What is the units digit of 6800?
0
What is the tens digit of 280?
8
What is the tens digit of 22633?
3
What is the hundreds digit of 460?
4
What is the units digit of 28129?
9
What is the hundreds digit of 13361?
3
What is the thousands digit of 29197?
9
What is the thousands digit of 6785?
6
What is the hundreds digit of 2118?
1
What is the ten thousands digit of 20498?
2
What is the thousands digit of 22381?
2
What is the units digit of 34885?
5
What is the units digit of 689?
9
What is the ten thousands digit of 48614?
4
What is the units digit of 31235?
5
What is the units digit of 31195?
5
What is the thousands digit of 45136?
5
What is the hundreds digit of 6686?
6
What is the hundreds digit of 3498?
4
What is the tens digit of 102942?
4
What is the units digit of 5952?
2
What is the units digit of 1249?
9
What is the tens digit of 2682?
8
What is the ten thousands digit of 62318?
6
What is the units digit of 1739?
9
What is the hundreds digit of 43983?
9
What is the thousands digit of 3688?
3
What is the hundreds digit of 11881?
8
What is the thousands digit of 8726?
8
What is the hundreds digit of 300?
3
What is the units digit of 6420?
0
What is the thousands digit of 3183?
3
What is the thousands digit of 3154?
3
What is the hundreds digit of 370?
3
What is the hundreds digit of 3572?
5
What is the tens digit of 23478?
7
What is the units digit of 742?
2
What is the thousands digit of 21334?
1
What is the tens digit of 6365?
6
What is the units digit of 24292?
2
What is the ten thousands digit of 38941?
3
What is the hundreds digit of 636?
6
What is the thousands digit of 1455?
1
What is the ten thousands digit of 21144?
2
What is the units digit of 15098?
8
What is the tens digit of 2493?
9
What is the ten thousands digit of 118821?
1
What is the hundreds digit of 1461?
4
What is the tens digit of 984?
8
What is the thousands digit of 11382?
1
What is the hundreds digit of 436?
4
What is the units digit of 234?
4
What is the hundreds digit of 16998?
9
What is the hundreds digit of 7280?
2
What is the units digit of 932?
2
What is the units digit of 12992?
2
What is the tens digit of 2493?
9
What is the units digit of 1846?
6
What is the tens digit of 9260?
6
What is the hundreds digit of 743?
7
What is the units digit of 794?
4
What is the thousands digit of 6975?
6
What is the thousands digit of 1771?
1
What is the tens digit of 62759?
5
What is the ten thousands digit of 181147?
8
What is the hundreds digit of 28675?
6
What is the ten thousands digit of 11050?
1
What is the units digit of 59587?
7
What is the hundred thousands digit of 102325?
1
What is the thousands digit of 31620?
1
What is the ten thousands digit of 95221?
9
What is the tens digit of 4478?
7
What is the units digit of 6126?
6
What is the ten thousands digit of 62850?
6
What is the hundreds digit of 27412?
4
What is the units digit of 108164?
4
What is the hundreds digit of 4975?
9
What is the tens digit of 2422?
2
What is the tens digit of 25189?
8
What is the units digit of 4668?
8
What is the thousands digit of 3507?
3
What is the thousands digit of 9100?
9
What is the hundreds digit of 5049?
0
What is the units digit of 2812?
2
What is the tens digit of 3034?
3
What is the units digit of 10495?
5
What is the units digit of 714?
4
What is the hundreds digit of 223?
2
What is the thousands digit of 37963?
7
What is the hundreds digit of 6019?
0
What is the tens digit of 68631?
3
What is the hundreds digit of 20144?
1
What is the thousands digit of 77619?
7
What is the tens digit of 1797?
9
What is the tens digit of 253?
5
What is the units digit of 12902?
2
What is the ten thousands digit of 23951?
2
What is the hundreds digit of 23820?
8
What is the hundreds digit of 713?
7
What is the hundreds digit of 14993?
9
What is the thousands digit of 1527?
1
What is the hundreds digit of 11374?
3
What is the tens digit of 206?
0
What is the hundreds digit of 57086?
0
What is the tens digit of 16859?
5
What is the hundreds digit of 26009?
0
What is the hundred thousands digit of 115789?
1
What is the thousands digit of 4982?
4
What is the hundreds digit of 15071?
0
What is the hundreds digit of 601?
6
What is the units digit of 27978?
8
What is the units digit of 721?
1
What is the tens digit of 4333?
3
What is the units digit of 4778?
8
What is the units digit of 85?
5
What is the hundreds digit of 125756?
7
What is the hundreds digit of 2700?
7
What is the hundreds digit of 1044?
0
What is the units digit of 6740?
0
What is the tens digit of 104537?
3
What is the hundreds digit of 14476?
4
What is the tens digit of 3657?
5
What is the thousands digit of 17714?
7
What is the tens digit of 1609?
0
What is the hundred thousands digit of 116085?
1
What is the ten thousands digit of 14857?
1
What is the ten thousands digit of 13010?
1
What is the units digit of 37633?
3
What is the tens digit of 872?
7
What is the tens digit of 1740?
4
What is the thousands digit of 1836?
1
What is the tens digit of 3006?
0
What is the hundreds digit of 20811?
8
What is the thousands digit of 7168?
7
What is the tens digit of 20533?
3
What is the units digit of 1289?
9
What is the ten thousands digit of 34426?
3
What is the hundreds digit of 26623?
6
What is the units digit of 121?
1
What is the thousands digit of 47140?
7
What is the tens digit of 3497?
9
What is the units digit of 460?
0
What is the hundreds digit of 5075?
0
What is the hundreds digit of 811?
8
What is the units digit of 9?
9
What is the ten thousands digit of 44355?
4
What is the tens digit of 1070?
7
What is the ten thousands digit of 16840?
1
What is the units digit of 9659?
9
What is the units digit of 977?
7
What is the hundreds digit of 55154?
1
What is the units digit of 531?
1
What is the thousands digit of 1416?
1
What is the tens digit of 1656?
5
What is the units digit of 1016?
6
What is the hundreds digit of 18679?
6
What is the tens digit of 3389?
8
What is the hundreds digit of 3075?
0
What is the hundreds digit of 7344?
3
What is the hundreds digit of 41485?
4
What is the tens digit of 9390?
9
What is the hundreds digit of 24261?
2
What is the units digit of 487?
7
What is the thousands digit of 4229?
4
What is the ten thousands digit of 17737?
1
What is the thousands digit of 102662?
2
What is the hundreds digit of 4561?
5
What is the units digit of 2201?
1
What is the ten thousands digit of 42622?
4
What is the units digit of 874?
4
What is the units digit of 1067?
7
What is the hundreds digit of 8286?
2
What is the hundreds digit of 333?
3
What is the thousands digit of 60891?
0
What is the tens digit of 2769?
6
What is the units digit of 369?
9
What is the units digit of 1255?
5
What is the hundreds digit of 120?
1
What is the thousands digit of 10398?
0
What is the hundreds digit of 933?
9
What is the hundreds digit of 593?
5
What is the units digit of 19?
9
What is the ten thousands digit of 30717?
3
What is the units digit of 197?
7
What is the hundred thousands digit of 170882?
1
What is the ten thousands digit of 17166?
1
What is the tens digit of 48472?
7
What is the hundreds digit of 3810?
8
What is the tens digit of 4105?
0
What is the hundreds digit of 9082?
0
What is the hundreds digit of 4474?
4
What is the tens digit of 4106?
0
What is the units digit of 1050?
0
What is the ten thousands digit of 11757?
1
What is the tens digit of 1335?
3
What is the units digit of 2206?
6
What is the units digit of 5671?
1
What is the thousands digit of 1704?
1
What is the ten thousands digit of 15581?
1
What is the hundreds digit of 5948?
9
What is the thousands digit of 3477?
3
What i